{"id":25,"date":"2013-11-27T22:18:48","date_gmt":"2013-11-27T21:18:48","guid":{"rendered":"http:\/\/listelibrebriis.org\/wordpress\/?page_id=25"},"modified":"2014-01-30T23:21:52","modified_gmt":"2014-01-30T22:21:52","slug":"la-cantine","status":"publish","type":"page","link":"https:\/\/listelibrebriis.org\/wordpress\/?page_id=25","title":{"rendered":"La cantine"},"content":{"rendered":"<p>Nos enfants ont la chance d&rsquo;avoir une cantine qui pr\u00e9pare elle-m\u00eame ses repas, qui sont de bonne qualit\u00e9.<\/p>\n<p>Les menus sont r\u00e9guli\u00e8rement indiqu\u00e9s dans la rubrique <a href=\"http:\/\/www.clg-monnet-briis.ac-versailles.fr\/spip.php?rubrique4\">\u00ab\u00a0Restaurant scolaire\u00a0\u00bb<\/a> du site du coll\u00e8ge.<\/p>\n","protected":false},"excerpt":{"rendered":"<p>Nos enfants ont la chance d&rsquo;avoir une cantine qui pr\u00e9pare elle-m\u00eame ses repas, qui sont de bonne qualit\u00e9. Les menus sont r\u00e9guli\u00e8rement indiqu\u00e9s dans la rubrique \u00ab\u00a0Restaurant scolaire\u00a0\u00bb du site du coll\u00e8ge.<\/p>\n","protected":false},"author":1,"featured_media":0,"parent":19,"menu_order":0,"comment_status":"open","ping_status":"open","template":"","meta":{"footnotes":""},"class_list":["post-25","page","type-page","status-publish","hentry"],"_links":{"self":[{"href":"https:\/\/listelibrebriis.org\/wordpress\/index.php?rest_route=\/wp\/v2\/pages\/25","targetHints":{"allow":["GET"]}}],"collection":[{"href":"https:\/\/listelibrebriis.org\/wordpress\/index.php?rest_route=\/wp\/v2\/pages"}],"about":[{"href":"https:\/\/listelibrebriis.org\/wordpress\/index.php?rest_route=\/wp\/v2\/types\/page"}],"author":[{"embeddable":true,"href":"https:\/\/listelibrebriis.org\/wordpress\/index.php?rest_route=\/wp\/v2\/users\/1"}],"replies":[{"embeddable":true,"href":"https:\/\/listelibrebriis.org\/wordpress\/index.php?rest_route=%2Fwp%2Fv2%2Fcomments&post=25"}],"version-history":[{"count":3,"href":"https:\/\/listelibrebriis.org\/wordpress\/index.php?rest_route=\/wp\/v2\/pages\/25\/revisions"}],"predecessor-version":[{"id":74,"href":"https:\/\/listelibrebriis.org\/wordpress\/index.php?rest_route=\/wp\/v2\/pages\/25\/revisions\/74"}],"up":[{"embeddable":true,"href":"https:\/\/listelibrebriis.org\/wordpress\/index.php?rest_route=\/wp\/v2\/pages\/19"}],"wp:attachment":[{"href":"https:\/\/listelibrebriis.org\/wordpress\/index.php?rest_route=%2Fwp%2Fv2%2Fmedia&parent=25"}],"curies":[{"name":"wp","href":"https:\/\/api.w.org\/{rel}","templated":true}]}}